3
Let o = 42 + -20. What is the highest common divisor of 2 and o?
2
Suppose m + 12 = 4*v - 0*v, -3*v = 2*m + 2. Suppose -v*t - 19 = -f + 3*t, 4*f - 1 = -5*t. Calculate the greatest common divisor of 16 and f.
4
Let v(h) = h**2 - 7*h + 2. Let r = -6 + 13. Let p be v(r). Let a(q) = 5*q**3 - 2*q**2 + 2*q - 1. Let k be a(1). What is the highest common factor of k and p?
2
Let l(o) = 7*o**2 + o - 1. Let f be l(1). Let n = f - 6. Let y be -6 + 5 + 6 + n. Calculate the greatest common factor of 42 and y.
6
Let o be 84 + 3 - 1*(1 + 2). Calculate the greatest common divisor of o and 24.
12
Let d be 67 - (2/2 - (2 - 3)). What is the highest common factor of d and 13?
13
Let h be 52 - ((-23)/6 - 16/96). What is the highest common divisor of 16 and h?
8
Suppose 156 = 4*z + 3*t - 5*t, 4*z = -3*t + 146. Calculate the highest common divisor of 57 and z.
19
Suppose -3*h - 36 = 3*d, 0*h + 3*d - 28 = 5*h. Let n = 3 + h. Let v(y) = y**2 + 5*y + 7. Let q be v(n). What is the greatest common divisor of 7 and q?
7
Let m be ((5*-3)/3)/(-1). Suppose -4*x = 3*h - 27 - 17, -3*x + 4 = -m*h. Calculate the greatest common factor of 8 and x.
8
Let o(y) = -y. Let m be o(-4). Let s be (-12)/(-3) + 4/m. Let j = 38 - 18. Calculate the greatest common divisor of j and s.
5
Let c(x) = 15*x**2 - x + 1. Let v be c(1). Let f be 4*(7 + -4)*1/2. What is the greatest common factor of v and f?
3
Suppose -g = -5*g + 440. Calculate the highest common factor of 10 and g.
10
Let i(m) = -m**2 + 13*m - 14. Let v be i(4). What is the highest common divisor of v and 66?
22
Let r be (-39)/2*(-24)/18. What is the greatest common divisor of 52 and r?
26
Let q = 0 + 12. Suppose 0*j = -4*j + 240. What is the greatest common factor of q and j?
12
Suppose 42 = 5*y - 3*i, i + 3*i = -16. Let m(c) = -c**3 + 4*c**2 + 11*c. Let h be m(5). Calculate the greatest common factor of h and y.
6
Let r be -33 + (3 - 4 - 1). Let f = 115 + r. What is the greatest common factor of 16 and f?
16
Suppose 40 = b + 3*b. Let u be (-4)/b - 34/(-10). Suppose -2*l + 53 = u*w - l, 94 = 5*w - 4*l. Calculate the highest common factor of 2 and w.
2
Suppose -5*i + 15 = -0*i - 2*p, 3 = i - 5*p. Suppose b - i = -1. Let o be b/8 + 127/4. What is the highest common factor of 8 and o?
8
Let r = 4 + -1. Let t(n) = -5*n**2 + 10*n + 15. Let i(w) = w**2 - 1. Let y(m) = -6*i(m) - t(m). Let g be y(-7). What is the highest common divisor of r and g?
3
Suppose 0 = 4*a + 4*g, -2*a + 0 = -3*g - 10. Suppose -x + 36 = a*x. What is the highest common factor of x and 4?
4
Let b(y) = 4*y - 7. Let l be b(7). Let f be 3/(-6) - 58/(-4). Calculate the highest common divisor of f and l.
7
Let v be 2*(-4)/(-6)*3. Suppose 3*j = 23 + v. Calculate the highest common divisor of 45 and j.
9
Suppose 0 = 3*x - 6*x + 300. Let j = 40 - 20. What is the greatest common divisor of j and x?
20
Let z be ((-6)/18)/(2/(-228)). What is the greatest common divisor of z and 19?
19
Let h = 20 + -4. Calculate the greatest common divisor of h and 16.
16
Suppose 3*u = 30 - 3. Calculate the highest common factor of 45 and u.
9
Let i(h) = -4*h - 8. Let o be i(-3). Let x(z) = z**2 - 2*z + 3. Let s be x(3). What is the highest common factor of s and o?
2
Let m be ((-4)/5)/((-27)/405). What is the greatest common divisor of m and 12?
12
Let f = -7 + 11. Suppose -3*i - y = -i - 32, 59 = 3*i - f*y. Calculate the greatest common factor of i and 119.
17
Let j(l) = -5*l - 8. Let q be j(-4). Let k = q + 116. Calculate the highest common divisor of 16 and k.
16
Let g = 119 - 80. Let u = g + -18. What is the greatest common divisor of u and 3?
3
Suppose -3*k - 11 = -71. Calculate the highest common factor of k and 50.
10
Let l(t) = 31*t. Let z be l(2). Let q = -2 + z. Suppose 0 = -3*y + q - 0. What is the highest common divisor of 5 and y?
5
Let b(w) = -w**2 + 12*w - 13. Let h be b(10). What is the greatest common divisor of 56 and h?
7
Let j be -3 + 0 + (1 - -78). Suppose 4*t - 176 - j = 0. Calculate the greatest common factor of t and 9.
9
Suppose 4352 = -0*o + 17*o. What is the highest common divisor of o and 16?
16
Let t = -40 - -61. Suppose -3*q = 2*q - 15. What is the greatest common divisor of q and t?
3
Suppose -6*p = -10 + 4. Let x(m) = 78*m. Let f be x(p). Calculate the highest common factor of 26 and f.
26
Let v = -4 - 1. Let y be (-3)/v + 2/5. Let l be (21/(-9))/(y/(-24)). What is the greatest common factor of 7 and l?
7
Suppose -110 = -0*a - 5*a + 4*n, -88 = -4*a + 4*n. What is the highest common divisor of 44 and a?
22
Suppose -4*r + 3*r + 14 = 0. Let u be -2 - (3 + r*-1). Let f be (3/6 - 1)*-2. What is the greatest common factor of f and u?
1
Let d(u) = -8*u - 12. Let y be d(-12). Suppose 5*o - 5*g - 100 = 0, -g + 94 = 6*o - o. Suppose 17 = 3*z - o. What is the greatest common factor of z and y?
12
Let q(t) = -t**2 + 19*t + 46. Let f be q(21). Calculate the greatest common factor of 12 and f.
4
Suppose 0 = -4*y - 4*m + 504, -5*y = 3*m - 5*m - 595. Suppose 2*d - y = 117. Let b = -49 + d. Calculate the highest common divisor of b and 14.
14
Suppose 0 = -5*h + 44 - 9. Suppose -50 - 64 = 3*a + 3*r, 5*a + 4*r = -194. Let c be (2/4)/((-1)/a). What is the highest common divisor of h and c?
7
Suppose 8*z - 80 = 6*z. What is the greatest common divisor of z and 5?
5
Suppose -z = z - 140. Calculate the greatest common factor of z and 10.
10
Suppose 116 = 8*a - 172. Calculate the greatest common factor of 108 and a.
36
Let n(z) be the second derivative of z**4/12 - z**2/2 - 6*z. Let v be n(2). Calculate the greatest common divisor of v and 15.
3
Let f = 4 - 0. Suppose 2*y - f*r = 38, -3*r - 5 = -2*r. Let t = 97 - 61. Calculate the highest common divisor of y and t.
9
Let b be (-68)/(-5) + (-6)/10. Suppose r - b = 5*l - 0*l, 2*r + 5*l + 4 = 0. Calculate the greatest common divisor of r and 27.
3
Let c(q) = 2*q + 26. Let r be c(-12). Suppose -4*g + 3*p - 7*p = -72, -4*g + 64 = 2*p. What is the greatest common factor of g and r?
2
Let v(z) = 2*z + 2. Let i be v(7). Suppose 2*r - 6*r + 160 = 0. What is the highest common divisor of r and i?
8
Let o be 1460/14 - 16/56. Calculate the highest common divisor of o and 8.
8
Let v = 118 + -1. Calculate the highest common divisor of v and 13.
13
Suppose 3*b - 3*p - 45 = -15, 4*b - 2*p - 36 = 0. What is the greatest common factor of b and 56?
8
Suppose 0 = 2*d - 6, 5*f + 32 + 10 = 4*d. Let q be 44 - (-4)/f*3. What is the greatest common divisor of 6 and q?
6
Let n = 3 + 1. Suppose 5*h = -p - 35, -4*h - n*p = 6 + 6. Let j be (-260)/h + 1/(-2). What is the highest common factor of j and 8?
8
Let r = 107 - 75. Let j = -9 + r. What is the highest common factor of j and 69?
23
Suppose 30 = -3*s + 8*s. Calculate the greatest common divisor of 15 and s.
3
Let g(z) = -5*z - 20. Let p be g(-8). What is the greatest common divisor of 160 and p?
20
Suppose 14 = 3*l - 10. Let x be 3/12 - (-6)/l. Calculate the greatest common divisor of x and 7.
1
Let f be (-46)/(-16) + (-17)/(-136). Calculate the highest common divisor of f and 12.
3
Let m = 73 - 31. Let d = -14 + 20. What is the greatest common factor of m and d?
6
Let t(i) = -i**2 + 297. Let y be t(0). Let c = y - 198. Let m = 44 + -35. What is the greatest common divisor of c and m?
9
Suppose k - 3*t = -4*t + 3, -5*k - 4*t = -15. Let j be ((-4)/10)/(k/(-45)). What is the highest common factor of 2 and j?
2
Suppose -7*g = 4*g - 264. What is the greatest common divisor of 32 and g?
8
Suppose -2*d - 2*m = -80, 0 = -2*m + 2 - 10. Let q = 2 + -4. Let g(t) = -5*t + 1. Let x be g(q). Calculate the highest common factor of x and d.
11
Let a = -6 - -8. Suppose -2*l - 4*c = -28, 4*l - a*c = -0*c + 66. Calculate the greatest common factor of 64 and l.
16
Suppose 5*g + 9 - 34 = 0. Suppose g*a - 7*a = -8. Suppose 11 = 2*j - k - 58, 2*k - 86 = -3*j. Calculate the highest common divisor of a and j.
4
Let d(t) = t**2 + 2*t + 4. Let c be d(-6). Calculate the highest common divisor of 42 and c.
14
Let a(w) = w**2 + w. Let k(g) = -25*g**2 - 10*g + 3. Let y(l) = -6*a(l) - k(l). Let j be y(3). Calculate the highest common factor of 20 and j.
20
Let p(w) = -w**3 - 7*w**2 + 3*w + 1. Let r be p(-9). Let n = r + -94. Let g = -5 + 11. Calculate the highest common divisor of g and n.
6
Let k(s) = -s**3 - 8*s**2 + 4*s + 5. Let a 